hat are the prime factors of t?
13
Suppose k - 58 = -3*k + 5*f, -5*k + 50 = 5*f. What are the prime factors of 8/(-3)*(-531)/k?
2, 59
Let m = 8 + -12. Let z be (1 - 0)/(2/m). What are the prime factors of (z - 0 - 0) + 34?
2
Suppose 4*h + 748 = o - 37, 5*o + 2*h - 3881 = 0. List the prime factors of o.
3, 7, 37
Let q(m) = m**2 + 4. Let u be q(-4). What are the prime factors of -1 + -6*u/(-6)?
19
List the prime factors of 7903/2*(-11 + 332/28).
3, 1129
Let q(v) = -6 + 25*v - 2 + 4. List the prime factors of q(1).
3, 7
What are the prime factors of (2706 + -1)*(-40)/(-100)?
2, 541
Suppose 3*r - 5*q - 2987 = 591, r - 1186 = -5*q. List the prime factors of r.
3, 397
Suppose -21*p + 12*p + 1746 = 0. What are the prime factors of p?
2, 97
Suppose 4*f + 154 - 366 = 0. Suppose -13*u + f = -12*u. List the prime factors of u.
53
Let q(b) = 5*b**2 + 13*b + 9. Let m be q(-8). Suppose 3*k - m = -2*k. List the prime factors of k.
3, 5
Let d = -119 + 241. List the prime factors of d.
2, 61
Suppose 1544*p = 1558*p - 70. List the prime factors of p.
5
Suppose -38 + 4 = -2*i. Suppose 7*w - 32 = i. List the prime factors of w.
7
Suppose 7 + 13 = -5*h + 5*w, 2*h + 12 = 3*w. Suppose -9*i + 44 + 2755 = h. What are the prime factors of i?
311
Suppose 2*s + t - 5 = 0, -3*t + 9 + 6 = 4*s. Suppose s = 4*a + a - 125. What are the prime factors of a?
5
Suppose -11*w + 9*w + 10 = 0. Suppose -w = 2*x - 81. List the prime factors of x.
2, 19
Let z = -19 + 21. Suppose -z*d + 231 = d. What are the prime factors of d?
7, 11
Let m = 4 - 19. Suppose -2*i - 494 = -x + 5*x, -x = -4*i + 119. What are the prime factors of 3/m + x/(-15)?
2
Let w = -105 - -175. Suppose -5*d - w = -695. Suppose l + 4*l = d. What are the prime factors of l?
5
Suppose 15 = 4*v - 5. Let l(s) = 6 - s - 1 + 2*s + 6*s**2 - s**3. What are the prime factors of l(v)?
5, 7
Suppose -w = -5*w. Suppose w = -0*j + j - 3. Suppose -k = h - 6, 2*k - 3 = -j*h + 10. List the prime factors of k.
5
Let n(c) = 2*c**3 + 7*c**2 - 6*c - 5. Let x be n(-6). Let b = 5 - x. List the prime factors of b.
2, 7, 11
Let m be 13 - (3 - (7 - 3)). What are the prime factors of m/(-49) - 429/(-7)?
61
Let b = -342 + 492. Let z(k) = k**3 - 11*k**2 + 2. Let o be z(11). Suppose -3*t + b = o*t. What are the prime factors of t?
2, 3, 5
Suppose u - 3*f = 11, 2*u - 13 = -f - 2*f. Suppose -u*z + 32 = -8. What are the prime factors of z?
5
Let b = 468 - 135. What are the prime factors of b?
3, 37
Let x = 24 + -22. What are the prime factors of (1 - -1) + x - (-241 + 6)?
239
Suppose y + 4*y + 5 = 5*l, -2*y = -l. What are the prime factors of y/(-3 + 410/136)?
2, 17
Suppose 0 = 4*g + g - 1680. Suppose -5*w - 4*k = -402, -2*w - 2*w + g = -4*k. What are the prime factors of w?
2, 41
Let k be 21/14 - 1 - 14/4. What are the prime factors of ((-20)/(-15))/(4/(-594)*k)?
2, 3, 11
Let c = -4145 + 7496. List the prime factors of c.
3, 1117
Let f(l) = 18*l**2 - l. Let t = 1 - 1. Suppose -2*h - h - 3 = t. What are the prime factors of f(h)?
19
Suppose 3*n + b = -2*b, -30 = -5*n + 5*b. Let h be (n - 2)/((-4)/56). Let k = h + 17. What are the prime factors of k?
3
Suppose 3*u + 28 - 193 = -3*c, -5*c + 283 = 3*u. Let b = c - -139. List the prime factors of b.
2, 3, 11
Suppose -2*h - 2*g = -4*g - 8, 0 = h - 2*g - 9. Let j = -7 + h. What are the prime factors of 4*j/(16/(-4))?
2
Let l = 122 - 118. Suppose 780 = l*n + 2*w, 3*n - 580 = -0*n + w. What are the prime factors of n?
2, 97
Let c(k) be the third derivative of k**6/120 + 3*k**5/20 - k**4/8 + 3*k**3/2 - 43*k**2. What are the prime factors of c(-7)?
2
Let m be (-6 + (-3 - 59))*(-25)/4. Suppose -4*r + m + 247 = 0. What are the prime factors of r?
2, 3, 7
Suppose -41411 = -72*z + 6109. What are the prime factors of z?
2, 3, 5, 11
Let t be -1 + (1/(-1) - -2). Suppose 12*z - 485 - 2287 = t. List the prime factors of z.
3, 7, 11
Let j(k) = k**2 - 15*k + 77. What are the prime factors of j(-18)?
11, 61
Suppose 9246 = 5*i - 3*b, -977 + 2819 = i - 3*b. What are the prime factors of i?
3, 617
Let z = -29 + 48. Let s = 38 + z. List the prime factors of s/2*10/5.
3, 19
Suppose 5*r + 0 = 3*h - 2, 3*r - 2 = 5*h. Suppose 138 = -3*f - 4*l - 38, f = -4*l - 64. What are the prime factors of (r/2)/(2/f)?
2, 7
Let l(j) = 43*j - 2. Let c(h) = -h**3 - 10*h**2 + 13. Let o be c(-10). Suppose -15 = -5*p - 5*t, 5*p + 6 = -t + o. What are the prime factors of l(p)?
41
What are the prime factors of 4/(-42) - 168130/(-483)?
2, 3, 29
Suppose 69160 = 61*j - 23*j. List the prime factors of j.
2, 5, 7, 13
Let d = -138 - -220. Suppose 4*w - 174 = d. Suppose 2*b = b - 4, 5*b = -3*s + w. List the prime factors of s.
2, 7
Let a(d) = -d**2 - 9*d + 11. Let f be a(-10). Let z be (f/(-2))/(4/(-152)). Let i = z + 11. List the prime factors of i.
2, 3, 5
Let r be (2/6)/(6/342). Suppose -r = -3*b - y + 5*y, -b + 33 = 4*y. What are the prime factors of b?
13
Suppose 0 = -2*y + y + 46. Let f = y - -82. What are the prime factors of f?
2
List the prime factors of 1/(10/(-4)) - (-724625)/625.
19, 61
Let l(w) = -23*w. Let m be 52/6 + (-1)/(-3). Let f = -10 + m. List the prime factors of l(f).
23
Suppose -2*o + 4*x = -3438, -o + 0*x - 4*x + 1713 = 0. List the prime factors of o.
17, 101
Let o = -3 + 1492. List the prime factors of o.
1489
Suppose -3*k = 3 + 6, -4*a + 4*k = 0. List the prime factors of a*(-1)/((10/62)/5).
3, 31
Let i = -1314 + 2261. List the prime factors of i.
947
Suppose -5*h = -p + 402, 3*h + 1548 = 4*p - 9. List the prime factors of p.
3, 43
Let c be (-4 + -3)*(-6)/(-7). What are the prime factors of (-1 + -6)/(1/c)?
2, 3, 7
Let p = 4603 + -1103. List the prime factors of p.
2, 5, 7
Suppose -u + 5*c + 9 = 22, 2*c = 3*u. Let o(g) = 0*g**3 - 7*g + 17 - 11*g**2 + g**3 + u*g - 6*g. What are the prime factors of o(12)?
29
Let r(h) = 1440*h**2 + 2*h - 3. What are the prime factors of r(1)?
1439
Let i be ((-6)/(-2))/((-1)/(-6)*2). Let y = 2 - 2. Suppose y = -3*p - i, h - 4*h + 78 = -2*p. What are the prime factors of h?
2, 3
Let l(t) = 2*t**2 - 44*t - 436. What are the prime factors of l(47)?
2, 3, 11, 29
Let l(b) = -b**3 - 10*b**2 + b + 14. Let g(h) = -h**3 - 2*h**2 - h + 4. Let v be g(-2). Let o be (-3 - 0)/(v/20). What are the prime factors of l(o)?
2
Suppose 5*y = 3*v + 3609, 3*v + 2*v + 2882 = 4*y. List the prime factors of y.
3, 241
Let p(y) = y**2 + 5*y + 12. Suppose l + 3 = -2. Let n be p(l). List the prime factors of (-7)/42 - (-74)/n.
2, 3
Let z = -71 + 75. Suppose i - 4*u = z*i - 130, 0 = -i - 3*u + 35. What are the prime factors of i?
2, 5
Let x be (-1344)/(-9) - (-8)/(-6). Suppose -143*o + x*o - 1400 = 0. What are the prime factors of o?
2, 5, 7
Suppose 3*n - 4*q - 48 = 0, n = 4*q + 25 - 1. Suppose -u = 3*u - n. What are the prime factors of 52*(4 - u - 0)?
2, 13
Let g be (-4424)/(-18) + 42/189. Suppose -2*a = a - 4*r - 249, 3*a - 5*r = g. What are the prime factors of a?
3, 29
Suppose h + 1598 = 5*m + 2*h, -4*m = -3*h - 1267. What are the prime factors of m?
11, 29
Let w(f) = -23*f + 1. Let q be w(-1). Suppose 994 = q*i - 10*i. List the prime factors of i.
71
Let a be (-6)/(-9) + -1 + (-3631)/(-3). Suppose 0 = 2*w + 4, 4*h + 0*w - a = -3*w. What are the prime factors of h?
2, 19
What are the prime factors of (-91452)/(-68) - -1 - 48/(-408)?
2, 673
Let y(r) be the second derivative of 17*r**3/6 - 23*r**2/2 + 3*r. List the prime factors of y(8).
113
Let z(m) = 61*m + 76. List the prime factors of z(15).
991
Let r(y) = y**3 - 9*y**2 + 3*y - 52. What are the prime factors of r(13)?
3, 13, 17
Suppose 0 = 5*q - 3*c - 1024 - 160, 230 = q - 4*c. List the prime factors of q.
2, 7, 17
Suppose 0 = -6*k + 62 + 10. Suppose o - k = 19. What are the prime factors of o?
31
What are the prime factors of ((-2712)/36)/(12/(-18))?
113
Suppose -2*o + 37 = -11. Let w = o + -22. Suppose -195 = -7*r + w*r. What are the prime factors of r?
3, 13
Let r(i) = 45*i + 108. List the prime factors of r(10).
2, 3, 31
Let a = 252 + 2000. List the prime factors of a.
2, 563
Let j = 1337 + -509. List the prime factors of j.
2, 3, 23
List the prime factors of (-47745)/(-21) + 15/35.
2, 3, 379
Suppose m - 3*n + 10 = -6*n, 0 = 3*m + 5*n + 42. Let g be 4 - m*(-7)/(-1). Suppose 2*r = g - 49. List the prime factors of r.
2, 11
Suppose -10*b - 4 = -11*b. Let t be b/8*59*